135207 = -9*x. What are the prime factors of h?
11, 17, 241
Let l(m) = 3*m**2 + 2*m - 3. Let x(a) = 3*a**2 + 6*a - 11. Let s be x(-4). What are the prime factors of l(s)?
2, 5, 53
Suppose -5*g - 4*l = -3*g - 2872, 2*l = 2*g - 2884. Suppose -114*m = -116*m + g. Suppose -5*r = -4*w - 0*w + m, 0 = 4*r - 16. What are the prime factors of w?
5, 37
Suppose 0 = 3*y - 4*u - 22541, 3*y - 5*u = 6*y - 22577. What are the prime factors of y?
73, 103
Let d(y) = 82*y**2 + 10*y - 65. List the prime factors of d(4).
3, 11, 13
Let b(x) = -203*x - 51. Let a be -3*18/(-4)*(-12)/18. What are the prime factors of b(a)?
2, 3, 37
Suppose 4*h - 18679 = -5*u + 68132, -5*u = 2*h - 43413. List the prime factors of h.
3, 2411
Let o be (21/14)/(1/20). Suppose -72 = -3*h + o. Suppose 0 = k + k - h. What are the prime factors of k?
17
Suppose -5*i = 45, 39093 + 241 = m + 3*i. List the prime factors of m.
7, 5623
Suppose 219*d = 214*d + 37115. List the prime factors of d.
13, 571
Let o(z) = -4*z + 270 - 2*z + 263 + 237. What are the prime factors of o(0)?
2, 5, 7, 11
Let s(r) = -3*r**2 + 2*r**2 + 1 + 5*r**2 - 5*r**2 - 3*r. Let q be s(-4). What are the prime factors of 126 - (-1 - (5 + q) - -3)?
2, 3, 7
Let n(s) = -3*s + s**3 - 8*s**2 + 2*s - s**2 + 98 + 8*s**2. Let o be n(0). Suppose o = -38*z + 39*z. What are the prime factors of z?
2, 7
Let r = 61894 + -24828. What are the prime factors of r?
2, 43, 431
Suppose -6*y + 124 = -26762. Suppose 9*v - 496 = y. What are the prime factors of v?
7, 79
Suppose -5*j - 2*o = 74, 5*j - 4*o + 81 = -11. Let c(z) = -11*z + 37. Let u be c(j). Suppose -x + 5*l = -u, 0 = -0*l - l. What are the prime factors of x?
3, 71
Let h(x) = 8*x**3 - 10*x**2 + 14*x + 28. List the prime factors of h(7).
2, 5, 7, 17
What are the prime factors of (-2)/6 - 133/114 - (-706680)/16?
2, 3, 17, 433
Let u = -432 - -434. List the prime factors of (1/u)/((-4)/5016*-3).
11, 19
Let d = 66 + -61. Suppose -d*h + 5*c + 75 = 0, -3*c - 12 = -h + 1. Let r = 90 - h. List the prime factors of r.
2, 37
Suppose -2*c - 62*a = -61*a - 12048, -c + 6015 = 5*a. List the prime factors of c.
5, 241
Let l be -176 - (-3 + 4)*0 - -1. Let f = l + 541. What are the prime factors of f?
2, 3, 61
Let r be -12*3/(9/(-79)). Let w(k) = -3*k**3 - 46*k**2 - 15*k + 4. Let v be w(-15). Suppose -2*a - r = -v*a. What are the prime factors of a?
2, 79
Let n = -29 + 37. Suppose -2*w - n + 16 = 0. Suppose w*k = -5*r + 179, -175 = -0*r - 5*r - 5*k. What are the prime factors of r?
3, 13
Let p be (((-4)/3)/(-1))/(50/(-150)). Let r be 2*p/(-8) + -1. Suppose 0 = -4*j - 3*q + 6*q + 410, 3*j - 5*q - 302 = r. List the prime factors of j.
2, 13
Let f(h) = 4*h**2 - 34*h - 49. Let c(n) = n**3 - 28*n**2 + 26*n + 38. Let m be c(27). What are the prime factors of f(m)?
61
Suppose 9*t - 5*t + 132 = 0. Let m = -15 - t. Suppose -2*p + 0*q + m = -5*q, -5*p - 3*q + 107 = 0. List the prime factors of p.
19
Suppose 3*x + 8*x + 10*x - 329742 = 0. What are the prime factors of x?
2, 3, 2617
Suppose 2*q - 2 = 0, -4*x + 5*x + q - 2895 = 0. What are the prime factors of x?
2, 1447
Suppose 2*k - 4911 = 12733 + 82. What are the prime factors of k?
8863
Let w be -19 - (33 - 36)/(3/4). List the prime factors of 9066/12 + w/(-6).
2, 379
Suppose -21*r - 45*r + 4053040 = 79*r. List the prime factors of r.
2, 1747
Let p(z) = -3*z - 4. Let h be p(-2). Suppose 4*g - 310 = -2*i, -4*i + h*i = -2*g + 170. Suppose n + 8 = g. List the prime factors of n.
2, 3
Suppose -16*n = -7*n - 405. Suppose 0*b = 5*b - 465. Let o = b - n. What are the prime factors of o?
2, 3
Suppose 0 = 84*m - 112*m + 127844 + 41976. List the prime factors of m.
5, 1213
Suppose g + 99 = 12*g. Suppose 8*t + 30 = g*t. What are the prime factors of t?
2, 3, 5
Suppose -197952 = -20*k - 150891 + 211439. What are the prime factors of k?
5, 11, 47
Let h = -3410 - -12828. List the prime factors of h.
2, 17, 277
Suppose 56*a = 63*a - 2478. What are the prime factors of (a - 11)*(-1)/(-1)?
7
Suppose 5*m = -2*j + 23212, 2*m + 30473 + 27586 = 5*j. List the prime factors of j.
17, 683
Let x(z) = 8*z**2 - 13*z - 3. Suppose 0*c - 8*c - 48 = 0. List the prime factors of x(c).
3, 11
Let s(a) be the third derivative of a**6/120 + a**5/10 - 2*a**4/3 + 2*a**3/3 + a**2. Let q be s(-8). Suppose -3*b - 237 = -q*b. List the prime factors of b.
3, 79
Let y be -9*7 + (2 - 0). Suppose -3*j + 499 = 4*w, -305 = 4*w + 4*j - 805. Let l = y + w. What are the prime factors of l?
3, 7
Let m = 30992 + -18400. What are the prime factors of m?
2, 787
Let q = 232 - 230. Suppose q*x = -2*f + 1120, 3*f = 5*x + 1556 + 164. What are the prime factors of f?
5, 113
Let j(n) = 40*n**2 - 161*n - 296. What are the prime factors of j(-35)?
3, 59, 307
Let u(y) = 226*y - 2 + 45 - 438*y + 218*y. What are the prime factors of u(6)?
79
Let c(q) = 20*q**2 + 3*q + 7. Let k be c(5). Let f = k + -257. List the prime factors of f.
5, 53
What are the prime factors of ((1 + 1)/(-2))/(625/(-19814375))?
7, 647
Suppose -11 = 5*n + 2*y, -36*n - 2 = -31*n - y. Let t be 2/(-8) + 30/(-8). List the prime factors of 218/6 - n - t/(-12).
37
Let k(r) = 383 - 94 - 141 + 45*r - r**2. What are the prime factors of k(48)?
2
Let m be (53/2)/((-27)/(-162)). List the prime factors of 6*m/(-6)*-1.
3, 53
Suppose 56*o - 13229 = 53*o + 4*m, 5*m = -5*o + 22130. List the prime factors of o.
3, 491
Let p = 523 - 607. What are the prime factors of 48/p + (-7470)/(-14)?
13, 41
Suppose 4*f - 13 - 27 = 0. Suppose c - 55 = -f. Suppose -2*w = -c - 379. List the prime factors of w.
2, 53
Suppose -2*x = 5*q - 64, 0 = -12*x + 9*x - 5*q + 91. Suppose -28*b = -5*z - x*b + 1693, 2*b = 4*z - 1358. List the prime factors of z.
2, 13
Let h(v) = -2*v**3 + 210*v**2 + 31*v + 600. What are the prime factors of h(105)?
3, 5, 257
Suppose -329*g = -23697228 + 7046209. List the prime factors of g.
11, 43, 107
Suppose 3*m - 3*q = 1512, 9*m - q = 5*m + 2010. Suppose -6*x + 3170 = -m. What are the prime factors of (-16)/6*x/(-24)?
2, 17
Suppose -23*f = -16673 - 72245. List the prime factors of f.
2, 1933
Let y(d) = d**3 - 5*d**2 - 10*d + 22. Let l be y(6). Let z be (-1 + l)/(5 - (-42)/(-12)). Let f(k) = 35*k**2 + 5*k + 4. List the prime factors of f(z).
2, 67
Suppose 2*w = 9*w. Let y(o) = -2*o**3 - o**2 - o - 7. Let a be y(w). Let k = 43 - a. What are the prime factors of k?
2, 5
Let s(p) = 314*p + 14 + 243*p + 67*p. List the prime factors of s(2).
2, 631
Let b(h) = -h**3 - 8*h**2 - 8*h + 1. Let w be b(-8). Suppose n - 5*n = -2*t + 192, -5*t = 5*n + 225. Let p = w + n. What are the prime factors of p?
2, 3
Let v be -6 - (0 - (-12)/(-4)). What are the prime factors of (3156/12)/(v/(-3))?
263
Let v(n) = n**3 - 50*n**2 + 101*n - 306. What are the prime factors of v(52)?
2, 31, 167
Let h be (8 - (-3 - -3))*-1. What are the prime factors of (14/5)/(-1*h/280)?
2, 7
Let f(k) = -k**3 - 11*k**2 - 18*k - 72. Let d be f(-10). Suppose c - 2*c = -269. Suppose -d*g = -27 - c. What are the prime factors of g?
37
Let o be 4/(-6) - 80/(-30). List the prime factors of 4 + -2 + -4 + o - -39.
3, 13
Let c be ((-3)/(-9) - 0) + (-15)/(-9). Let d be 335/5 - 1*(-2)/c. Suppose -3*t = -d - 58. What are the prime factors of t?
2, 3, 7
Let f be 2/1 + 1/(2/4). Suppose j + x = -2*j + 30, -5*j + 43 = f*x. List the prime factors of ((-2 - j)*2)/(6/(-27)).
3, 13
List the prime factors of (681/(-2))/((12 - -27)/(-1170)).
3, 5, 227
Let z(f) = -422*f + 1351. List the prime factors of z(-27).
5, 2549
Suppose 0 = 4*s - 5*s - 3*j + 8442, -5*j - 33785 = -4*s. List the prime factors of s.
3, 5, 563
Let c(y) = -y**3 + 34*y**2 - 16*y + 15. What are the prime factors of c(22)?
5471
List the prime factors of 2/(5*(-10)/(-1139175)).
3, 61, 83
Suppose -93668 = -3*f + 2*z - 10247, 0 = -f - 4*z + 27793. List the prime factors of f.
5, 67, 83
Let j(p) = -4*p - 5*p**3 + 4*p**3 + 433*p**2 - 439*p**2 - 7*p + 2*p. Suppose -5*i - 3*s = 21, -2*i = -0*i - 2*s + 18. What are the prime factors of j(i)?
2, 3
List the prime factors of 11810/4 - (1 + -5)/8.
2953
Let m = -5163 - -10958. List the prime factors of m.
5, 19, 61
Let c be (-20)/(-8)*168/(-30). What are the prime factors of (-2498)/c + 120/(-35) + 3?
2, 89
Let q be 33/(-9) - 16/(-24). List the prime factors of (104/(-28) + 4)/(q/(-1533)).
2, 73
Let t be ((-3)/(-6))/((-1601)/53